{"id":401,"date":"2019-11-26T18:27:45","date_gmt":"2019-11-26T17:27:45","guid":{"rendered":"https:\/\/new.eichenauer-schuetzen.de\/?page_id=401"},"modified":"2026-01-08T15:04:21","modified_gmt":"2026-01-08T14:04:21","slug":"unser-verein","status":"publish","type":"page","link":"https:\/\/eichenauer-schuetzen.de\/?page_id=401","title":{"rendered":"Unser Verein"},"content":{"rendered":"<p>[et_pb_section fb_built=&#8220;1&#8243; _builder_version=&#8220;4.16&#8243; background_color=&#8220;#e5e5e5&#8243; background_image=&#8220;https:\/\/eichenauer-schuetzen.de\/wp-content\/uploads\/2019\/11\/background.jpg&#8220; background_size=&#8220;initial&#8220; background_position=&#8220;top_left&#8220; background_repeat=&#8220;repeat-x&#8220; global_colors_info=&#8220;{}&#8220;][et_pb_row _builder_version=&#8220;4.16&#8243; hover_transition_speed_curve=&#8220;linear&#8220; global_colors_info=&#8220;{}&#8220;][et_pb_column type=&#8220;4_4&#8243; _builder_version=&#8220;4.16&#8243; global_colors_info=&#8220;{}&#8220;][et_pb_image src=&#8220;https:\/\/eichenauer-schuetzen.de\/wp-content\/uploads\/2019\/11\/titel-start.jpg&#8220; align=&#8220;center&#8220; force_fullwidth=&#8220;on&#8220; _builder_version=&#8220;4.16&#8243; border_width_all=&#8220;1px&#8220; border_color_all=&#8220;#0c5114&#8243; box_shadow_style=&#8220;preset1&#8243; global_colors_info=&#8220;{}&#8220;][\/et_pb_image][\/et_pb_column][\/et_pb_row][et_pb_row column_structure=&#8220;1_3,1_3,1_3&#8243; _builder_version=&#8220;4.16&#8243; background_color=&#8220;#ffffff&#8220; hover_transition_speed_curve=&#8220;linear&#8220; border_width_all=&#8220;1px&#8220; border_color_all=&#8220;#0c5114&#8243; global_colors_info=&#8220;{}&#8220;][et_pb_column type=&#8220;1_3&#8243; _builder_version=&#8220;4.16&#8243; global_colors_info=&#8220;{}&#8220;][et_pb_menu menu_id=&#8220;9&#8243; active_link_color=&#8220;#ffffff&#8220; logo_url_new_window=&#8220;on&#8220; menu_icon_color=&#8220;#ffffff&#8220; _builder_version=&#8220;4.16&#8243; menu_text_color=&#8220;#ffffff&#8220; background_color=&#8220;#0c5114&#8243; text_orientation=&#8220;center&#8220; background_layout=&#8220;dark&#8220; link_option_url_new_window=&#8220;on&#8220; global_colors_info=&#8220;{}&#8220;][\/et_pb_menu][et_pb_image src=&#8220;https:\/\/eichenauer-schuetzen.de\/wp-content\/uploads\/2019\/11\/DSCF1053_klein.jpg&#8220; url=&#8220;https:\/\/eichenauer-schuetzen.de\/?page_id=450&#8243; align=&#8220;center&#8220; _builder_version=&#8220;4.16&#8243; box_shadow_style=&#8220;preset1&#8243; global_colors_info=&#8220;{}&#8220;][\/et_pb_image][\/et_pb_column][et_pb_column type=&#8220;1_3&#8243; _builder_version=&#8220;4.16&#8243; global_colors_info=&#8220;{}&#8220;][et_pb_text _builder_version=&#8220;4.16&#8243; text_text_color=&#8220;#000000&#8243; header_text_color=&#8220;#0c5114&#8243; header_font_size=&#8220;25px&#8220; global_colors_info=&#8220;{}&#8220;]<\/p>\n<h1>Eichenaus Traditionsverein stellt sich vor&#8230;<\/h1>\n<div>\n<p>&nbsp;<\/p>\n<p>In der jungen Starzelbachgemeinde Eichenau blicken die Immergr\u00fcnsch\u00fctzen auf die l\u00e4ngste Vereinsgeschichte zur\u00fcck.<\/p>\n<p>Am 18. Dezember 1920, also gut 36 Jahre vor der politischen Selbstst\u00e4ndigkeit Eichenaus, wurde die &#8222;Zimmerstutzen-Gesellschaft&#8220; gegr\u00fcndet.<\/p>\n<\/div>\n<div><\/div>\n<div>\n<p>Nach den Anfangsjahren in der Kanzler`schen Gastwirtschaft (heutiges Schlegel-Hochhaus) fand die wachsende Zahl an Sportsch\u00fctzen an immer wieder neuen Orten Ihre Bleibe:<\/p>\n<p>Von der Gutskantine Roggenstein f\u00fchrte der Weg \u00fcber die Gastst\u00e4tten &#8222;zur Post&#8220; und \u201eK\u00f6gelsperger-Schlegel\u201c bis in den Rathauskeller. 1972 konnten wir schlie\u00dflich\u00a0 unser gem\u00fctliches Sch\u00fctzenheim in der Starzelbachschule er\u00f6ffnen.<\/p>\n<div>\n<div><\/div>\n<\/div>\n<\/div>\n<p>[\/et_pb_text][et_pb_text _builder_version=&#8220;4.16&#8243; text_text_color=&#8220;#000000&#8243; global_colors_info=&#8220;{}&#8220;]<\/p>\n<p><span>Einen festen Platz im Vereinsjahr haben gesellige Veranstaltungen.<\/span><\/p>\n<div>Besonders beliebt sind unser Osterschie\u00dfen, die Grill- und Weinfeste, und nicht zu vergessen unsere traditionelle Weihnachtsfeier mit der allj\u00e4hrlichen K\u00f6nigsproklamation.<\/div>\n<div>\n<div>\u00a0<\/div>\n<div>Als besonderen sportlichen H\u00f6hepunkt erinnert man sich im gesamten Landkreis gern an das Gauschie\u00dfen. Dieses wurde bereits zwei Mal von unserem Verein ausgerichtet:<br \/>1970 in einer Teehalle der Familie Ondrusch, 1995 in der Schulturnhalle der heutigen Starzelbachschule. Es reisten\u00a0 jeweils knapp 50 Vereine zum Wettbewerb um Sach- und Geldpreise an, und auch die Eichenauer Bev\u00f6lkerung verfolgte begeistert das Spektakel<\/div>\n<\/div>\n<p>[\/et_pb_text][et_pb_text _builder_version=&#8220;4.16&#8243; text_text_color=&#8220;#000000&#8243; global_colors_info=&#8220;{}&#8220;]<\/p>\n<div>In all den Jahren hat sich der Schie\u00dfsport stets weiterentwickelt und so hat sich auch bei uns einiges getan<\/div>\n<div>\n<p>&nbsp;<\/p>\n<\/div>\n<p>[\/et_pb_text][et_pb_text _builder_version=&#8220;4.16&#8243; text_text_color=&#8220;#000000&#8243; global_colors_info=&#8220;{}&#8220;]<\/p>\n<div><span>Besonders stolz sind wir seit der Modernisierung unseres Vereinsheims 2009 auf unsere elektronische Schie\u00dfanlage!<\/span><\/div>\n<div>\n<p>&nbsp;<\/p>\n<\/div>\n<p>[\/et_pb_text][et_pb_text _builder_version=&#8220;4.16&#8243; text_text_color=&#8220;#000000&#8243; global_colors_info=&#8220;{}&#8220;]<\/p>\n<div><span>Wir laden Sie ein, dort selbst ein paar Sch\u00fcsse zu wagen und unseren sympatischen Verein kennen zu lernen.<\/span><\/div>\n<div>\n<p>&nbsp;<\/p>\n<\/div>\n<p>[\/et_pb_text][\/et_pb_column][et_pb_column type=&#8220;1_3&#8243; _builder_version=&#8220;4.16&#8243; global_colors_info=&#8220;{}&#8220;][et_pb_image src=&#8220;https:\/\/eichenauer-schuetzen.de\/wp-content\/uploads\/2019\/11\/schuetzenheim-alt.jpg&#8220; show_in_lightbox=&#8220;on&#8220; _builder_version=&#8220;4.27.4&#8243; hover_enabled=&#8220;0&#8243; box_shadow_style=&#8220;preset1&#8243; global_colors_info=&#8220;{}&#8220; width=&#8220;95%&#8220; sticky_enabled=&#8220;0&#8243;][\/et_pb_image][et_pb_text _builder_version=&#8220;4.16&#8243; global_colors_info=&#8220;{}&#8220;]<\/p>\n<div><em>Das erste Sch\u00fctzenheim, die Kanzler&#8217;sche Gastwirtschaft.<\/em><\/div>\n<p>[\/et_pb_text][et_pb_image src=&#8220;https:\/\/eichenauer-schuetzen.de\/wp-content\/uploads\/2019\/11\/rehm.jpg&#8220; show_in_lightbox=&#8220;on&#8220; _builder_version=&#8220;4.27.4&#8243; hover_enabled=&#8220;0&#8243; box_shadow_style=&#8220;preset1&#8243; global_colors_info=&#8220;{}&#8220; width=&#8220;95%&#8220; sticky_enabled=&#8220;0&#8243;][\/et_pb_image][et_pb_text _builder_version=&#8220;4.16&#8243; global_colors_info=&#8220;{}&#8220;]<\/p>\n<p><em>B\u00fcrgermeister Rehm \u00fcbergibt die neuen R\u00e4ume dem Sch\u00fctzenmeister Hans P\u00f6llmann<\/em><\/p>\n<p>[\/et_pb_text][et_pb_image src=&#8220;https:\/\/eichenauer-schuetzen.de\/wp-content\/uploads\/2019\/11\/foto_grillfest13_11.jpg&#8220; show_in_lightbox=&#8220;on&#8220; _builder_version=&#8220;4.27.4&#8243; hover_enabled=&#8220;0&#8243; box_shadow_style=&#8220;preset1&#8243; global_colors_info=&#8220;{}&#8220; width=&#8220;95%&#8220; sticky_enabled=&#8220;0&#8243;][\/et_pb_image][et_pb_text _builder_version=&#8220;4.16&#8243; global_colors_info=&#8220;{}&#8220;]<\/p>\n<p><i>Grillfest 2013<\/i><\/p>\n<p>[\/et_pb_text][et_pb_image src=&#8220;https:\/\/eichenauer-schuetzen.de\/wp-content\/uploads\/2019\/11\/1702_Jugend_02-geschnitten_klein.jpg&#8220; show_in_lightbox=&#8220;on&#8220; _builder_version=&#8220;4.27.4&#8243; hover_enabled=&#8220;0&#8243; box_shadow_style=&#8220;preset1&#8243; global_colors_info=&#8220;{}&#8220; width=&#8220;95%&#8220; sticky_enabled=&#8220;0&#8243;][\/et_pb_image][et_pb_text _builder_version=&#8220;4.16&#8243; global_colors_info=&#8220;{}&#8220;]<\/p>\n<p><i>Training auf unserer elektronischen Schie\u00dfanlage<\/i><\/p>\n<p>[\/et_pb_text][\/et_pb_column][\/et_pb_row][\/et_pb_section]<\/p>\n","protected":false},"excerpt":{"rendered":"<p>Eichenaus Traditionsverein stellt sich vor&#8230; &nbsp; In der jungen Starzelbachgemeinde Eichenau blicken die Immergr\u00fcnsch\u00fctzen auf die l\u00e4ngste Vereinsgeschichte zur\u00fcck. Am 18. Dezember 1920, also gut 36 Jahre vor der politischen Selbstst\u00e4ndigkeit Eichenaus, wurde die &#8222;Zimmerstutzen-Gesellschaft&#8220; gegr\u00fcndet. Nach den Anfangsjahren in der Kanzler`schen Gastwirtschaft (heutiges Schlegel-Hochhaus) fand die wachsende Zahl an Sportsch\u00fctzen an immer wieder neuen [&hellip;]<\/p>\n","protected":false},"author":1,"featured_media":0,"parent":0,"menu_order":0,"comment_status":"closed","ping_status":"closed","template":"","meta":{"_et_pb_use_builder":"on","_et_pb_old_content":"","_et_gb_content_width":"","_mc_calendar":[],"footnotes":""},"class_list":["post-401","page","type-page","status-publish","hentry"],"_links":{"self":[{"href":"https:\/\/eichenauer-schuetzen.de\/index.php?rest_route=\/wp\/v2\/pages\/401","targetHints":{"allow":["GET"]}}],"collection":[{"href":"https:\/\/eichenauer-schuetzen.de\/index.php?rest_route=\/wp\/v2\/pages"}],"about":[{"href":"https:\/\/eichenauer-schuetzen.de\/index.php?rest_route=\/wp\/v2\/types\/page"}],"author":[{"embeddable":true,"href":"https:\/\/eichenauer-schuetzen.de\/index.php?rest_route=\/wp\/v2\/users\/1"}],"replies":[{"embeddable":true,"href":"https:\/\/eichenauer-schuetzen.de\/index.php?rest_route=%2Fwp%2Fv2%2Fcomments&post=401"}],"version-history":[{"count":14,"href":"https:\/\/eichenauer-schuetzen.de\/index.php?rest_route=\/wp\/v2\/pages\/401\/revisions"}],"predecessor-version":[{"id":1964,"href":"https:\/\/eichenauer-schuetzen.de\/index.php?rest_route=\/wp\/v2\/pages\/401\/revisions\/1964"}],"wp:attachment":[{"href":"https:\/\/eichenauer-schuetzen.de\/index.php?rest_route=%2Fwp%2Fv2%2Fmedia&parent=401"}],"curies":[{"name":"wp","href":"https:\/\/api.w.org\/{rel}","templated":true}]}}