{"id":431,"date":"2019-11-26T19:01:00","date_gmt":"2019-11-26T18:01:00","guid":{"rendered":"https:\/\/new.eichenauer-schuetzen.de\/?page_id=431"},"modified":"2020-02-21T13:01:27","modified_gmt":"2020-02-21T12:01:27","slug":"schiessanlage-2","status":"publish","type":"page","link":"https:\/\/eichenauer-schuetzen.de\/?page_id=431","title":{"rendered":"Schie\u00dfanlage"},"content":{"rendered":"<p>[et_pb_section fb_built=&#8220;1&#8243; _builder_version=&#8220;4.0.6&#8243; background_color=&#8220;#e5e5e5&#8243; background_image=&#8220;https:\/\/eichenauer-schuetzen.de\/wp-content\/uploads\/2019\/11\/background.jpg&#8220; background_size=&#8220;initial&#8220; background_position=&#8220;top_left&#8220; background_repeat=&#8220;repeat-x&#8220;][et_pb_row _builder_version=&#8220;4.0.6&#8243; hover_transition_speed_curve=&#8220;linear&#8220;][et_pb_column type=&#8220;4_4&#8243; _builder_version=&#8220;4.0.6&#8243;][et_pb_image src=&#8220;https:\/\/eichenauer-schuetzen.de\/wp-content\/uploads\/2019\/11\/titel-start.jpg&#8220; align=&#8220;center&#8220; _builder_version=&#8220;4.0.11&#8243; hover_enabled=&#8220;0&#8243; border_width_all=&#8220;1px&#8220; border_color_all=&#8220;#0c5114&#8243; box_shadow_style=&#8220;preset1&#8243; force_fullwidth=&#8220;on&#8220;][\/et_pb_image][\/et_pb_column][\/et_pb_row][et_pb_row column_structure=&#8220;1_3,1_3,1_3&#8243; _builder_version=&#8220;4.0.6&#8243; background_color=&#8220;#ffffff&#8220; hover_transition_speed_curve=&#8220;linear&#8220; border_width_all=&#8220;1px&#8220; border_color_all=&#8220;#0c5114&#8243;][et_pb_column type=&#8220;1_3&#8243; _builder_version=&#8220;4.0.6&#8243;][et_pb_menu menu_id=&#8220;9&#8243; active_link_color=&#8220;#ffffff&#8220; logo_url_new_window=&#8220;on&#8220; menu_icon_color=&#8220;#ffffff&#8220; _builder_version=&#8220;4.0.6&#8243; menu_text_color=&#8220;#ffffff&#8220; background_color=&#8220;#0c5114&#8243; text_orientation=&#8220;center&#8220; background_layout=&#8220;dark&#8220; link_option_url_new_window=&#8220;on&#8220;][\/et_pb_menu][et_pb_image src=&#8220;https:\/\/eichenauer-schuetzen.de\/wp-content\/uploads\/2019\/11\/DSCF1053_klein.jpg&#8220; url=&#8220;https:\/\/eichenauer-schuetzen.de\/?page_id=450&#8243; align=&#8220;center&#8220; _builder_version=&#8220;4.0.6&#8243; locked=&#8220;off&#8220;][\/et_pb_image][\/et_pb_column][et_pb_column type=&#8220;1_3&#8243; _builder_version=&#8220;4.0.6&#8243;][et_pb_text _builder_version=&#8220;4.0.6&#8243; text_text_color=&#8220;#000000&#8243; header_text_color=&#8220;#0c5114&#8243; header_font_size=&#8220;25px&#8220;]<\/p>\n<h1>Schie\u00dfanlage der Eichenauer Sch\u00fctzen<\/h1>\n<div>\n<p>&nbsp;<\/p>\n<p>Unsere Anlage besteht aus zehn elektronischen Schie\u00dfst\u00e4nden f\u00fcr Pistole und Gewehr.<\/p>\n<p>Die Treffer werden optisch mit h\u00f6chster Pr\u00e4zision vermessen.<\/p>\n<p>Der Sch\u00fctze kann sein Ergebnis sofort am pers\u00f6nlichen Infodisplay ablesen.<\/p>\n<p>Die Ergebnisse aller Sportler werden auch an den Zentralrechner \u00fcbertragen.<\/p>\n<p>So er\u00fcbrigt sich nicht nur die nachtr\u00e4gliche Auswertung und das manuelle Erstellen der Ergebnislisten; Wettk\u00e4mpfe k\u00f6nnen live auf Gro\u00dfbild vom Aufenthaltsraum aus verfolgt werden, hier ist Spannung garantiert!<\/p>\n<\/div>\n<div>\n<div>\n<div><\/div>\n<\/div>\n<\/div>\n<p>[\/et_pb_text][\/et_pb_column][et_pb_column type=&#8220;1_3&#8243; _builder_version=&#8220;4.0.6&#8243;][et_pb_image src=&#8220;https:\/\/eichenauer-schuetzen.de\/wp-content\/uploads\/2019\/11\/schiessanlage.jpg&#8220; show_in_lightbox=&#8220;on&#8220; _builder_version=&#8220;4.0.6&#8243; box_shadow_style=&#8220;preset1&#8243;][\/et_pb_image][\/et_pb_column][\/et_pb_row][\/et_pb_section]<\/p>\n","protected":false},"excerpt":{"rendered":"<p>Schie\u00dfanlage der Eichenauer Sch\u00fctzen &nbsp; Unsere Anlage besteht aus zehn elektronischen Schie\u00dfst\u00e4nden f\u00fcr Pistole und Gewehr. Die Treffer werden optisch mit h\u00f6chster Pr\u00e4zision vermessen. Der Sch\u00fctze kann sein Ergebnis sofort am pers\u00f6nlichen Infodisplay ablesen. Die Ergebnisse aller Sportler werden auch an den Zentralrechner \u00fcbertragen. So er\u00fcbrigt sich nicht nur die nachtr\u00e4gliche Auswertung und das manuelle [&hellip;]<\/p>\n","protected":false},"author":1,"featured_media":0,"parent":0,"menu_order":0,"comment_status":"closed","ping_status":"closed","template":"","meta":{"_et_pb_use_builder":"on","_et_pb_old_content":"","_et_gb_content_width":"","_mc_calendar":[],"footnotes":""},"class_list":["post-431","page","type-page","status-publish","hentry"],"_links":{"self":[{"href":"https:\/\/eichenauer-schuetzen.de\/index.php?rest_route=\/wp\/v2\/pages\/431","targetHints":{"allow":["GET"]}}],"collection":[{"href":"https:\/\/eichenauer-schuetzen.de\/index.php?rest_route=\/wp\/v2\/pages"}],"about":[{"href":"https:\/\/eichenauer-schuetzen.de\/index.php?rest_route=\/wp\/v2\/types\/page"}],"author":[{"embeddable":true,"href":"https:\/\/eichenauer-schuetzen.de\/index.php?rest_route=\/wp\/v2\/users\/1"}],"replies":[{"embeddable":true,"href":"https:\/\/eichenauer-schuetzen.de\/index.php?rest_route=%2Fwp%2Fv2%2Fcomments&post=431"}],"version-history":[{"count":6,"href":"https:\/\/eichenauer-schuetzen.de\/index.php?rest_route=\/wp\/v2\/pages\/431\/revisions"}],"predecessor-version":[{"id":1303,"href":"https:\/\/eichenauer-schuetzen.de\/index.php?rest_route=\/wp\/v2\/pages\/431\/revisions\/1303"}],"wp:attachment":[{"href":"https:\/\/eichenauer-schuetzen.de\/index.php?rest_route=%2Fwp%2Fv2%2Fmedia&parent=431"}],"curies":[{"name":"wp","href":"https:\/\/api.w.org\/{rel}","templated":true}]}}