{"id":443,"date":"2019-11-26T19:10:11","date_gmt":"2019-11-26T18:10:11","guid":{"rendered":"https:\/\/new.eichenauer-schuetzen.de\/?page_id=443"},"modified":"2026-01-09T13:20:48","modified_gmt":"2026-01-09T12:20:48","slug":"vorstand","status":"publish","type":"page","link":"https:\/\/eichenauer-schuetzen.de\/?page_id=443","title":{"rendered":"Vorstand"},"content":{"rendered":"<p>[et_pb_section fb_built=&#8220;1&#8243; _builder_version=&#8220;4.16&#8243; background_color=&#8220;#e5e5e5&#8243; background_image=&#8220;https:\/\/eichenauer-schuetzen.de\/wp-content\/uploads\/2019\/11\/background.jpg&#8220; background_size=&#8220;initial&#8220; background_position=&#8220;top_left&#8220; background_repeat=&#8220;repeat-x&#8220; global_colors_info=&#8220;{}&#8220;][et_pb_row _builder_version=&#8220;4.16&#8243; hover_transition_speed_curve=&#8220;linear&#8220; global_colors_info=&#8220;{}&#8220;][et_pb_column type=&#8220;4_4&#8243; _builder_version=&#8220;4.16&#8243; global_colors_info=&#8220;{}&#8220;][et_pb_image src=&#8220;https:\/\/eichenauer-schuetzen.de\/wp-content\/uploads\/2019\/11\/titel-start.jpg&#8220; align=&#8220;center&#8220; force_fullwidth=&#8220;on&#8220; _builder_version=&#8220;4.16&#8243; border_width_all=&#8220;1px&#8220; border_color_all=&#8220;#0c5114&#8243; box_shadow_style=&#8220;preset1&#8243; global_colors_info=&#8220;{}&#8220;][\/et_pb_image][\/et_pb_column][\/et_pb_row][et_pb_row column_structure=&#8220;1_3,2_3&#8243; _builder_version=&#8220;4.16&#8243; background_color=&#8220;#ffffff&#8220; hover_transition_speed_curve=&#8220;linear&#8220; border_width_all=&#8220;1px&#8220; border_color_all=&#8220;#0c5114&#8243; global_colors_info=&#8220;{}&#8220;][et_pb_column type=&#8220;1_3&#8243; _builder_version=&#8220;4.16&#8243; global_colors_info=&#8220;{}&#8220;][et_pb_menu menu_id=&#8220;9&#8243; active_link_color=&#8220;#ffffff&#8220; logo_url_new_window=&#8220;on&#8220; menu_icon_color=&#8220;#ffffff&#8220; _builder_version=&#8220;4.16&#8243; menu_text_color=&#8220;#ffffff&#8220; background_color=&#8220;#0c5114&#8243; text_orientation=&#8220;center&#8220; background_layout=&#8220;dark&#8220; link_option_url_new_window=&#8220;on&#8220; global_colors_info=&#8220;{}&#8220;][\/et_pb_menu][et_pb_image src=&#8220;https:\/\/eichenauer-schuetzen.de\/wp-content\/uploads\/2019\/11\/DSCF1053_klein.jpg&#8220; url=&#8220;https:\/\/eichenauer-schuetzen.de\/?page_id=450&#8243; align=&#8220;center&#8220; _builder_version=&#8220;4.16&#8243; box_shadow_style=&#8220;preset1&#8243; locked=&#8220;off&#8220; global_colors_info=&#8220;{}&#8220;][\/et_pb_image][\/et_pb_column][et_pb_column type=&#8220;2_3&#8243; _builder_version=&#8220;4.16&#8243; global_colors_info=&#8220;{}&#8220;][et_pb_text _builder_version=&#8220;4.16&#8243; text_text_color=&#8220;#000000&#8243; header_text_color=&#8220;#0c5114&#8243; header_font_size=&#8220;25px&#8220; global_colors_info=&#8220;{}&#8220;]<\/p>\n<h1>Die Vorstandschaft stellt sich vor&#8230;<\/h1>\n<p>[\/et_pb_text][et_pb_image src=&#8220;https:\/\/eichenauer-schuetzen.de\/wp-content\/uploads\/2026\/01\/Vorstand-2025-1-scaled.jpg&#8220; title_text=&#8220;Vorstand 2025 (1)&#8220; show_in_lightbox=&#8220;on&#8220; _builder_version=&#8220;4.27.4&#8243; hover_enabled=&#8220;0&#8243; box_shadow_style=&#8220;preset1&#8243; global_colors_info=&#8220;{}&#8220; sticky_enabled=&#8220;0&#8243; width=&#8220;90%&#8220;][\/et_pb_image][et_pb_text _builder_version=&#8220;4.19.2&#8243; global_colors_info=&#8220;{}&#8220;]<\/p>\n<div><em>von links:<\/em><\/div>\n<div>\n<p>&nbsp;<\/p>\n<p>Benjamin Djebali (2. Sch\u00fctzenmeister), Markus Schneider (Beisitzer, B\u00f6llergruppe), Inge Hoffmann (Schriftf\u00fchrung), Benjamin G\u00f6tzenberger (Beisitzer, B\u00f6llergruppe), Alois Schie\u00dfl (Beisitzer), Claus Guttenthaler (1. Sch\u00fctzenmeister), Anian Adler (Schatzmeister), Lutz Rejek (Beisitzer)<\/p>\n<p>Nicht auf dem Foto: Marco Maffei (1. Sportleiter), Stefan Zimmermann (2. Sportleiter), Andreas Pilz (Beisitzer)<\/p>\n<\/div>\n<p>[\/et_pb_text][\/et_pb_column][\/et_pb_row][\/et_pb_section]<\/p>\n","protected":false},"excerpt":{"rendered":"<p>Die Vorstandschaft stellt sich vor&#8230;von links: &nbsp; Benjamin Djebali (2. Sch\u00fctzenmeister), Markus Schneider (Beisitzer, B\u00f6llergruppe), Inge Hoffmann (Schriftf\u00fchrung), Benjamin G\u00f6tzenberger (Beisitzer, B\u00f6llergruppe), Alois Schie\u00dfl (Beisitzer), Claus Guttenthaler (1. Sch\u00fctzenmeister), Anian Adler (Schatzmeister), Lutz Rejek (Beisitzer) Nicht auf dem Foto: Marco Maffei (1. Sportleiter), Stefan Zimmermann (2. Sportleiter), Andreas Pilz (Beisitzer)<\/p>\n","protected":false},"author":1,"featured_media":0,"parent":0,"menu_order":0,"comment_status":"closed","ping_status":"closed","template":"","meta":{"_et_pb_use_builder":"on","_et_pb_old_content":"","_et_gb_content_width":"","_mc_calendar":[],"footnotes":""},"class_list":["post-443","page","type-page","status-publish","hentry"],"_links":{"self":[{"href":"https:\/\/eichenauer-schuetzen.de\/index.php?rest_route=\/wp\/v2\/pages\/443","targetHints":{"allow":["GET"]}}],"collection":[{"href":"https:\/\/eichenauer-schuetzen.de\/index.php?rest_route=\/wp\/v2\/pages"}],"about":[{"href":"https:\/\/eichenauer-schuetzen.de\/index.php?rest_route=\/wp\/v2\/types\/page"}],"author":[{"embeddable":true,"href":"https:\/\/eichenauer-schuetzen.de\/index.php?rest_route=\/wp\/v2\/users\/1"}],"replies":[{"embeddable":true,"href":"https:\/\/eichenauer-schuetzen.de\/index.php?rest_route=%2Fwp%2Fv2%2Fcomments&post=443"}],"version-history":[{"count":7,"href":"https:\/\/eichenauer-schuetzen.de\/index.php?rest_route=\/wp\/v2\/pages\/443\/revisions"}],"predecessor-version":[{"id":1977,"href":"https:\/\/eichenauer-schuetzen.de\/index.php?rest_route=\/wp\/v2\/pages\/443\/revisions\/1977"}],"wp:attachment":[{"href":"https:\/\/eichenauer-schuetzen.de\/index.php?rest_route=%2Fwp%2Fv2%2Fmedia&parent=443"}],"curies":[{"name":"wp","href":"https:\/\/api.w.org\/{rel}","templated":true}]}}

<p>[et_pb_section fb_built=&#8220;1&#8243; _builder_version=&#8220;4.16&#8243; background_color=&#8220;#e5e5e5&#8243; background_image=&#8220;https://eichenauer-schuetzen.de/wp-content/uploads/2019/11/background.jpg&#8220; background_size=&#8220;initial&#8220; background_position=&#8220;top_left&#8220; background_repeat=&#8220;repeat-x&#8220; global_colors_info=&#8220;{}&#8220;][et_pb_row _builder_version=&#8220;4.16&#8243; hover_transition_speed_curve=&#8220;linear&#8220; global_colors_info=&#8220;{}&#8220;][et_pb_column type=&#8220;4_4&#8243; _builder_version=&#8220;4.16&#8243; global_colors_info=&#8220;{}&#8220;][et_pb_image src=&#8220;https://eichenauer-schuetzen.de/wp-content/uploads/2019/11/titel-start.jpg&#8220; align=&#8220;center&#8220; force_fullwidth=&#8220;on&#8220; _builder_version=&#8220;4.16&#8243; border_width_all=&#8220;1px&#8220; border_color_all=&#8220;#0c5114&#8243; box_shadow_style=&#8220;preset1&#8243; global_colors_info=&#8220;{}&#8220;][/et_pb_image][/et_pb_column][/et_pb_row][et_pb_row column_structure=&#8220;1_3,2_3&#8243; _builder_version=&#8220;4.16&#8243; background_color=&#8220;#ffffff&#8220; hover_transition_speed_curve=&#8220;linear&#8220; border_width_all=&#8220;1px&#8220; border_color_all=&#8220;#0c5114&#8243; global_colors_info=&#8220;{}&#8220;][et_pb_column type=&#8220;1_3&#8243; _builder_version=&#8220;4.16&#8243; global_colors_info=&#8220;{}&#8220;][et_pb_menu menu_id=&#8220;9&#8243; active_link_color=&#8220;#ffffff&#8220; logo_url_new_window=&#8220;on&#8220; menu_icon_color=&#8220;#ffffff&#8220; _builder_version=&#8220;4.16&#8243; menu_text_color=&#8220;#ffffff&#8220; background_color=&#8220;#0c5114&#8243; text_orientation=&#8220;center&#8220; background_layout=&#8220;dark&#8220; link_option_url_new_window=&#8220;on&#8220; global_colors_info=&#8220;{}&#8220;][/et_pb_menu][et_pb_image src=&#8220;https://eichenauer-schuetzen.de/wp-content/uploads/2019/11/DSCF1053_klein.jpg&#8220; url=&#8220;https://eichenauer-schuetzen.de/?page_id=450&#8243; align=&#8220;center&#8220; _builder_version=&#8220;4.16&#8243; box_shadow_style=&#8220;preset1&#8243; locked=&#8220;off&#8220; global_colors_info=&#8220;{}&#8220;][/et_pb_image][/et_pb_column][et_pb_column type=&#8220;2_3&#8243; _builder_version=&#8220;4.16&#8243; global_colors_info=&#8220;{}&#8220;][et_pb_text _builder_version=&#8220;4.16&#8243; text_text_color=&#8220;#000000&#8243; header_text_color=&#8220;#0c5114&#8243; header_font_size=&#8220;25px&#8220; global_colors_info=&#8220;{}&#8220;]</p>
<h1>Die Vorstandschaft stellt sich vor&#8230;</h1>
<p>[/et_pb_text][et_pb_image src=&#8220;https://eichenauer-schuetzen.de/wp-content/uploads/2026/01/Vorstand-2025-1-scaled.jpg&#8220; title_text=&#8220;Vorstand 2025 (1)&#8220; show_in_lightbox=&#8220;on&#8220; _builder_version=&#8220;4.27.4&#8243; hover_enabled=&#8220;0&#8243; box_shadow_style=&#8220;preset1&#8243; global_colors_info=&#8220;{}&#8220; sticky_enabled=&#8220;0&#8243; width=&#8220;90%&#8220;][/et_pb_image][et_pb_text _builder_version=&#8220;4.19.2&#8243; global_colors_info=&#8220;{}&#8220;]</p>
<div><em>von links:</em></div>
<div>
<p>&nbsp;</p>
<p>Benjamin Djebali (2. Schützenmeister), Markus Schneider (Beisitzer, Böllergruppe), Inge Hoffmann (Schriftführung), Benjamin Götzenberger (Beisitzer, Böllergruppe), Alois Schießl (Beisitzer), Claus Guttenthaler (1. Schützenmeister), Anian Adler (Schatzmeister), Lutz Rejek (Beisitzer)</p>
<p>Nicht auf dem Foto: Marco Maffei (1. Sportleiter), Stefan Zimmermann (2. Sportleiter), Andreas Pilz (Beisitzer)</p>
</div>
<p>[/et_pb_text][/et_pb_column][/et_pb_row][/et_pb_section]</p>

<p>Die Vorstandschaft stellt sich vor&#8230;von links: &nbsp; Benjamin Djebali (2. Schützenmeister), Markus Schneider (Beisitzer, Böllergruppe), Inge Hoffmann (Schriftführung), Benjamin Götzenberger (Beisitzer, Böllergruppe), Alois Schießl (Beisitzer), Claus Guttenthaler (1. Schützenmeister), Anian Adler (Schatzmeister), Lutz Rejek (Beisitzer) Nicht auf dem Foto: Marco Maffei (1. Sportleiter), Stefan Zimmermann (2. Sportleiter), Andreas Pilz (Beisitzer)</p>
